{"id":9176,"date":"2025-05-27T07:56:47","date_gmt":"2025-05-27T07:56:47","guid":{"rendered":"https:\/\/canott.com\/product\/stalo-takelis-is-perdirbto-audinio-nord-1"},"modified":"2025-05-27T07:56:47","modified_gmt":"2025-05-27T07:56:47","slug":"stalo-takelis-is-perdirbto-audinio-nord-1","status":"publish","type":"product","link":"https:\/\/canott.com\/lt\/produktas\/stalo-takelis-is-perdirbto-audinio-nord-1","title":{"rendered":"Stalo takelis i\u0161 perdirbto audinio \u2013 Nord 1"},"content":{"rendered":"<section>\n<h2>Apie produkt\u0105<\/h2>\n<p><strong>Hortensias Home stalo takelis \u2013 Nord 1<\/strong> \u2013 rafinuotas akcentas, suteikiantis rami\u0105 sofistikacij\u0105 j\u016bs\u0173 stalo \u012frengimui. Austas i\u0161 <strong>77 % perdirbtos pluo\u0161to mi\u0161inio<\/strong> \u2013 46 % medviln\u0117s, 31 % poliesterio ir 23 % lino \u2013 jis atspindi apgalvot\u0105 meistri\u0161kum\u0105 ir tvar\u0173 gyvenimo b\u016bd\u0105. <\/p>\n<p>Jo <strong>neutrali sm\u0117lio spalvos baz\u0117<\/strong>, akcentuota <em>\u0161velni\u0173 m\u0117lyn\u0173 dry\u017ei\u0173<\/em>, perteikia skandinavi\u0161k\u0173 interjer\u0173 esm\u0119: minimalistin\u0119, nat\u016brali\u0105 ir be pastang\u0173 stiling\u0105. Nesvarbu, ar klojamas ant medinio stalo, ar dedamas ant stalties\u0117s, jis papuo\u0161ia tiek kasdieninius valgius, tiek \u0161ventines vai\u0161es. <\/p>\n<p>Rankomis pagamintas Europoje su r\u016bpestingumu, \u0161is stalo takelis derina laiko patikrint\u0105 dizain\u0105 su ilgaam\u017ei\u0161kumu. Naudokite j\u012f atskirai minimalistiniam vaizdui arba derinkite su atitinkamomis <strong>Nord kolekcijos stalties\u0117mis, servet\u0117l\u0117mis ar pagalvi\u0173 u\u017evalkalais<\/strong> harmoningam valgymo patyrimui. <\/p>\n<p>Prieinamas dviej\u0173 dyd\u017ei\u0173 \u2013 <strong>140\u00d740 cm<\/strong> ir <strong>190\u00d740 cm<\/strong> \u2013 su nedideliais nukrypimais d\u0117l rank\u0173 darbo pob\u016bd\u017eio (2\u20135 cm).<\/p>\n<p><em>Paprastas, tvarus ir gra\u017eiai funkcionalus \u2013 tikras \u0161iaurieti\u0161ko dizaino filosofijos atspindys.<\/em><\/p>\n<h3>Detal\u0117s<\/h3>\n<ul>\n<li><strong>Kolekcija:<\/strong> Nord 1<\/li>\n<li><strong>Med\u017eiaga:<\/strong> 46% medviln\u0117, 31% poliesteris, 23% linas (77% perdirbt\u0173 pluo\u0161t\u0173)<\/li>\n<li><strong>Spalva:<\/strong> Sm\u0117lio su m\u0117lynomis juostel\u0117mis<\/li>\n<li><strong>Prieinami dyd\u017eiai:<\/strong> 140\u00d740 cm \/ 190\u00d740 cm (nukrypimas 2\u20135 cm)<\/li>\n<li><strong>Individual\u016bs u\u017esakymai:<\/strong> galimi pagal u\u017eklaus\u0105<\/li>\n<li><strong>Prie\u017ei\u016bra:<\/strong> skalbti skalbimo ma\u0161inoje 30 \u00b0C su pana\u0161i\u0173 spalv\u0173 drabu\u017eiais; d\u017eiovinti nat\u016braliai; ned\u017eiovinti d\u017eiovykl\u0117je; lyginti \u017eema temperat\u016bra; nebalinti; galima chemi\u0161kai valyti<\/li>\n<li><strong>Prek\u0117s \u017eenklas:<\/strong> Hortensias Home (Latvija)<\/li>\n<\/ul>\n<h3>Apie prek\u0117s \u017eenkl\u0105<\/h3>\n<p><strong>Hortensias Home<\/strong> yra Latvijos prek\u0117s \u017eenklas, \u017einomas d\u0117l rank\u0173 darbo dizaineri\u0173 tekstil\u0117s, pagamintos i\u0161 auk\u0161tos kokyb\u0117s Europos audini\u0173. Kiekvienas gaminys \u012fk\u016bnija tvari\u0105 vertyb\u0119, nat\u016bral\u0173 eleganci\u0161k\u0105 ir \u0161iaurieti\u0161k\u0105 paprastum\u0105.<\/p>\n<\/section>\n","protected":false},"excerpt":{"rendered":"<p><strong>Subtilus dizainas, tvarus \u017eavesys.<\/strong> <strong>Stalo takelis \u2013 Nord 1<\/strong> atne\u0161a \u0161iaurieti\u0161k\u0105 paprastum\u0105 \u012f j\u016bs\u0173 valgom\u0105j\u012f stal\u0105. Pagamintas i\u0161 <em>77 % perdirbto pluo\u0161to<\/em>, pasi\u017eymi \u0161velniais sm\u0117lio atspalviais su <em>m\u0117lynais austais dry\u017eiais<\/em> \u2013 tobulas eleganci\u0161kumo ir ekologi\u0161ko dizaino derinys. <\/p>\n<p><em>Derinkite j\u012f su kitais Nord kolekcijos gaminiais visapusi\u0161kam, harmoningam vaizdui.<\/em><\/p>\n","protected":false},"featured_media":3407,"comment_status":"open","ping_status":"closed","template":"","meta":[],"product_brand":[1723],"product_cat":[1629],"product_tag":[1735,1727,1733,1734,1730,1725,1737,1726],"class_list":{"0":"post-9176","1":"product","2":"type-product","3":"status-publish","4":"has-post-thumbnail","6":"product_brand-hortensias-home","7":"product_cat-stalo-tekstile","8":"product_tag-eco","9":"product_tag-hortensias-home","10":"product_tag-lino-misinys","11":"product_tag-nordic","12":"product_tag-perdirbtas","13":"product_tag-ranku-darbo","14":"product_tag-stalo-takelis","15":"product_tag-tvarus","17":"first","18":"instock","19":"shipping-taxable","20":"purchasable","21":"product-type-variable"},"_links":{"self":[{"href":"https:\/\/canott.com\/lt\/wp-json\/wp\/v2\/product\/9176","targetHints":{"allow":["GET"]}}],"collection":[{"href":"https:\/\/canott.com\/lt\/wp-json\/wp\/v2\/product"}],"about":[{"href":"https:\/\/canott.com\/lt\/wp-json\/wp\/v2\/types\/product"}],"replies":[{"embeddable":true,"href":"https:\/\/canott.com\/lt\/wp-json\/wp\/v2\/comments?post=9176"}],"wp:featuredmedia":[{"embeddable":true,"href":"https:\/\/canott.com\/lt\/wp-json\/wp\/v2\/media\/3407"}],"wp:attachment":[{"href":"https:\/\/canott.com\/lt\/wp-json\/wp\/v2\/media?parent=9176"}],"wp:term":[{"taxonomy":"product_brand","embeddable":true,"href":"https:\/\/canott.com\/lt\/wp-json\/wp\/v2\/product_brand?post=9176"},{"taxonomy":"product_cat","embeddable":true,"href":"https:\/\/canott.com\/lt\/wp-json\/wp\/v2\/product_cat?post=9176"},{"taxonomy":"product_tag","embeddable":true,"href":"https:\/\/canott.com\/lt\/wp-json\/wp\/v2\/product_tag?post=9176"}],"curies":[{"name":"wp","href":"https:\/\/api.w.org\/{rel}","templated":true}]}}

Stalo takelis iš perdirbto audinio – Nord 1

<section>
<h2>Apie produktą</h2>
<p><strong>Hortensias Home stalo takelis – Nord 1</strong> – rafinuotas akcentas, suteikiantis ramią sofistikaciją jūsų stalo įrengimui. Austas iš <strong>77 % perdirbtos pluošto mišinio</strong> – 46 % medvilnės, 31 % poliesterio ir 23 % lino – jis atspindi apgalvotą meistriškumą ir tvarų gyvenimo būdą. </p>
<p>Jo <strong>neutrali smėlio spalvos bazė</strong>, akcentuota <em>švelnių mėlynų dryžių</em>, perteikia skandinaviškų interjerų esmę: minimalistinę, natūralią ir be pastangų stilingą. Nesvarbu, ar klojamas ant medinio stalo, ar dedamas ant staltiesės, jis papuošia tiek kasdieninius valgius, tiek šventines vaišes. </p>
<p>Rankomis pagamintas Europoje su rūpestingumu, šis stalo takelis derina laiko patikrintą dizainą su ilgaamžiškumu. Naudokite jį atskirai minimalistiniam vaizdui arba derinkite su atitinkamomis <strong>Nord kolekcijos staltiesėmis, servetėlėmis ar pagalvių užvalkalais</strong> harmoningam valgymo patyrimui. </p>
<p>Prieinamas dviejų dydžių – <strong>140×40 cm</strong> ir <strong>190×40 cm</strong> – su nedideliais nukrypimais dėl rankų darbo pobūdžio (2–5 cm).</p>
<p><em>Paprastas, tvarus ir gražiai funkcionalus – tikras šiaurietiško dizaino filosofijos atspindys.</em></p>
<h3>Detalės</h3>
<ul>
<li><strong>Kolekcija:</strong> Nord 1</li>
<li><strong>Medžiaga:</strong> 46% medvilnė, 31% poliesteris, 23% linas (77% perdirbtų pluoštų)</li>
<li><strong>Spalva:</strong> Smėlio su mėlynomis juostelėmis</li>
<li><strong>Prieinami dydžiai:</strong> 140×40 cm / 190×40 cm (nukrypimas 2–5 cm)</li>
<li><strong>Individualūs užsakymai:</strong> galimi pagal užklausą</li>
<li><strong>Priežiūra:</strong> skalbti skalbimo mašinoje 30 °C su panašių spalvų drabužiais; džiovinti natūraliai; nedžiovinti džiovyklėje; lyginti žema temperatūra; nebalinti; galima chemiškai valyti</li>
<li><strong>Prekės ženklas:</strong> Hortensias Home (Latvija)</li>
</ul>
<h3>Apie prekės ženklą</h3>
<p><strong>Hortensias Home</strong> yra Latvijos prekės ženklas, žinomas dėl rankų darbo dizainerių tekstilės, pagamintos iš aukštos kokybės Europos audinių. Kiekvienas gaminys įkūnija tvarią vertybę, natūralų elegancišką ir šiaurietišką paprastumą.</p>
</section>

<p><strong>Subtilus dizainas, tvarus žavesys.</strong> <strong>Stalo takelis – Nord 1</strong> atneša šiaurietišką paprastumą į jūsų valgomąjį stalą. Pagamintas iš <em>77 % perdirbto pluošto</em>, pasižymi švelniais smėlio atspalviais su <em>mėlynais austais dryžiais</em> – tobulas eleganciškumo ir ekologiško dizaino derinys. </p>
<p><em>Derinkite jį su kitais Nord kolekcijos gaminiais visapusiškam, harmoningam vaizdui.</em></p>
