{"id":10556,"date":"2025-06-04T14:30:10","date_gmt":"2025-06-04T14:30:10","guid":{"rendered":"https:\/\/canott.com\/product\/medinis-sieninis-kabliukas-su-zalvariu"},"modified":"2025-06-04T14:30:10","modified_gmt":"2025-06-04T14:30:10","slug":"medinis-sieninis-kabliukas-su-zalvariu","status":"publish","type":"product","link":"https:\/\/canott.com\/lt\/produktas\/medinis-sieninis-kabliukas-su-zalvariu","title":{"rendered":"Medinis sieninis kabliukas su \u017ealvariu"},"content":{"rendered":"<section>\n<h2>Apie produkt\u0105<\/h2>\n<p>\n <strong>Buko medienos ir \u017ealvario sieninis kabliukas \/ ranken\u0117l\u0117 \u2013 \u201e5mm Paper\u201c<\/strong> \u2013 tai funkcionalus ir esteti\u0161kas aksesuaras, derinantis \u0161ilt\u0105 nat\u016brali\u0105 medien\u0105 su \u0161lifuoto \u017ealvario pavir\u0161iumi. Rank\u0173 darbo gaminys i\u0161 Portugalijos gali b\u016bti naudojamas tiek kaip modernus sieninis kabliukas, tiek kaip bald\u0173 ranken\u0117l\u0117, suteikianti erdvei subtilios elegancijos.\n  <\/p>\n<p>\n Puikiai tinka prie\u0161kambariui, virtuvei ar vonios kambariui \u2013 naudokite pakabinti paltams, rank\u0161luos\u010diams ar krep\u0161iams, arba montuokite kaip spinteli\u0173 ar stal\u010di\u0173 ranken\u0117l\u0119.<br \/>\n Komplekte yra dviej\u0173 tip\u0173 var\u017etai, skirti tiek sieniniam, tiek bald\u0173 montavimui. \u017dalvario pavir\u0161ius padengtas apsaugine danga, atsparia \u012fbr\u0117\u017eimams ir pir\u0161t\u0173 atspaudams, o laikui b\u0117gant \u012fgauna subtili\u0105 patin\u0105.\n  <\/p>\n<h3>Dizainas ir funkcija<\/h3>\n<p>\n \u0160is kabliukas priklauso <strong>\u201e5mm Paper\u201c buko medienos kolekcijai<\/strong>, kuri i\u0161ry\u0161kina nat\u016bralias med\u017eiagas, minimalistin\u0119 form\u0105 ir tvari\u0105 meistryst\u0119.<br \/>\nDerinkite su kitomis apdailomis \u2013 pavyzd\u017eiui, aliuminiu ar masyvia mediena \u2013 kad sukurtum\u0117te vientis\u0105, modulin\u0119 sienos kompozicij\u0105.\n  <\/p>\n<h3>Detal\u0117s<\/h3>\n<ul>\n<li><strong>Prek\u0117s \u017eenklas<\/strong>: 5mm Paper<\/li>\n<li><strong>Kolekcija<\/strong>: Beech Wood Collection<\/li>\n<li><strong>Med\u017eiaga<\/strong>: masyvi buko mediena su \u0161lifuoto \u017ealvario priekine dalimi<\/li>\n<li><strong>Apdaila<\/strong>: apsauginis lakas ir dengtas \u017ealvaris<\/li>\n<li><strong>Dydis<\/strong>: \u00d8 5 cm, i\u0161siki\u0161a 5 cm nuo sienos<\/li>\n<li><strong>Tvirtinimas<\/strong>: komplekte tvirtinimo elementai sienai ir baldams<\/li>\n<li><strong>Savyb\u0117s<\/strong>: pasl\u0117pta var\u017et\u0173 sistema \u0161variam, vientisam vaizdui<\/li>\n<li><strong>Kilm\u0117<\/strong>: rank\u0173 darbo, pagaminta Portugalijoje<\/li>\n<\/ul>\n<h3>Apie prek\u0117s \u017eenkl\u0105<\/h3>\n<p>\n    <strong>5mm Paper<\/strong> jungia portugali\u0161k\u0105 meistryst\u0119 su \u0161iuolaikiniu dizainu. Dirbdama daugiausia su mediena ir keramika, studija kuria ma\u017e\u0173 serij\u0173 nam\u0173 interjero objektus \u2013 minimalistini\u0173 form\u0173, \u017eaismingus ir pritaikytus kasdieniam naudojimui. Visi gaminiai tvariai gaminami rankomis Portugalijoje.\n  <\/p>\n<\/section>\n","protected":false},"excerpt":{"rendered":"<p><strong>Buko medienos ir \u017ealvario sieninis kabliukas \/ ranken\u0117l\u0117 \u2013 \u201e5mm Paper\u201c <\/strong>\u2013 tai rank\u0173 darbo aksesuaras, kuriame \u0161ilta mediena dera su \u0161lifuotu \u017ealvariu. Minimalistinis dizainas, pagaminta Portugalijoje. <\/p>\n<p><em>Eleganti\u0161ka forma. Funkcionali meistryst\u0117. Kasdienis paprastumas.  <\/em><\/p>\n","protected":false},"featured_media":4264,"comment_status":"open","ping_status":"closed","template":"","meta":[],"product_brand":[2210],"product_cat":[1610],"product_tag":[2219,2224,2225,2227,2226,2211,1902,2169,2228],"class_list":{"0":"post-10556","1":"product","2":"type-product","3":"status-publish","4":"has-post-thumbnail","6":"product_brand-5mm-paper","7":"product_cat-dekoro-detales","8":"product_tag-5mm-paper","9":"product_tag-beech-wood-wall-hook","10":"product_tag-brass-knob","11":"product_tag-brushed-brass","12":"product_tag-functional-home-accessories","13":"product_tag-handmade-in-portugal","14":"product_tag-minimalist-decor","15":"product_tag-modern-interior","16":"product_tag-wood-and-metal-design","18":"first","19":"instock","20":"shipping-taxable","21":"purchasable","22":"product-type-simple"},"_links":{"self":[{"href":"https:\/\/canott.com\/lt\/wp-json\/wp\/v2\/product\/10556","targetHints":{"allow":["GET"]}}],"collection":[{"href":"https:\/\/canott.com\/lt\/wp-json\/wp\/v2\/product"}],"about":[{"href":"https:\/\/canott.com\/lt\/wp-json\/wp\/v2\/types\/product"}],"replies":[{"embeddable":true,"href":"https:\/\/canott.com\/lt\/wp-json\/wp\/v2\/comments?post=10556"}],"wp:featuredmedia":[{"embeddable":true,"href":"https:\/\/canott.com\/lt\/wp-json\/wp\/v2\/media\/4264"}],"wp:attachment":[{"href":"https:\/\/canott.com\/lt\/wp-json\/wp\/v2\/media?parent=10556"}],"wp:term":[{"taxonomy":"product_brand","embeddable":true,"href":"https:\/\/canott.com\/lt\/wp-json\/wp\/v2\/product_brand?post=10556"},{"taxonomy":"product_cat","embeddable":true,"href":"https:\/\/canott.com\/lt\/wp-json\/wp\/v2\/product_cat?post=10556"},{"taxonomy":"product_tag","embeddable":true,"href":"https:\/\/canott.com\/lt\/wp-json\/wp\/v2\/product_tag?post=10556"}],"curies":[{"name":"wp","href":"https:\/\/api.w.org\/{rel}","templated":true}]}}

Medinis sieninis kabliukas su žalvariu

<section>
<h2>Apie produktą</h2>
<p>
 <strong>Buko medienos ir žalvario sieninis kabliukas / rankenėlė – „5mm Paper“</strong> – tai funkcionalus ir estetiškas aksesuaras, derinantis šiltą natūralią medieną su šlifuoto žalvario paviršiumi. Rankų darbo gaminys iš Portugalijos gali būti naudojamas tiek kaip modernus sieninis kabliukas, tiek kaip baldų rankenėlė, suteikianti erdvei subtilios elegancijos.
  </p>
<p>
 Puikiai tinka prieškambariui, virtuvei ar vonios kambariui – naudokite pakabinti paltams, rankšluosčiams ar krepšiams, arba montuokite kaip spintelių ar stalčių rankenėlę.<br />
 Komplekte yra dviejų tipų varžtai, skirti tiek sieniniam, tiek baldų montavimui. Žalvario paviršius padengtas apsaugine danga, atsparia įbrėžimams ir pirštų atspaudams, o laikui bėgant įgauna subtilią patiną.
  </p>
<h3>Dizainas ir funkcija</h3>
<p>
 Šis kabliukas priklauso <strong>„5mm Paper“ buko medienos kolekcijai</strong>, kuri išryškina natūralias medžiagas, minimalistinę formą ir tvarią meistrystę.<br />
Derinkite su kitomis apdailomis – pavyzdžiui, aliuminiu ar masyvia mediena – kad sukurtumėte vientisą, modulinę sienos kompoziciją.
  </p>
<h3>Detalės</h3>
<ul>
<li><strong>Prekės ženklas</strong>: 5mm Paper</li>
<li><strong>Kolekcija</strong>: Beech Wood Collection</li>
<li><strong>Medžiaga</strong>: masyvi buko mediena su šlifuoto žalvario priekine dalimi</li>
<li><strong>Apdaila</strong>: apsauginis lakas ir dengtas žalvaris</li>
<li><strong>Dydis</strong>: Ø 5 cm, išsikiša 5 cm nuo sienos</li>
<li><strong>Tvirtinimas</strong>: komplekte tvirtinimo elementai sienai ir baldams</li>
<li><strong>Savybės</strong>: paslėpta varžtų sistema švariam, vientisam vaizdui</li>
<li><strong>Kilmė</strong>: rankų darbo, pagaminta Portugalijoje</li>
</ul>
<h3>Apie prekės ženklą</h3>
<p>
    <strong>5mm Paper</strong> jungia portugališką meistrystę su šiuolaikiniu dizainu. Dirbdama daugiausia su mediena ir keramika, studija kuria mažų serijų namų interjero objektus – minimalistinių formų, žaismingus ir pritaikytus kasdieniam naudojimui. Visi gaminiai tvariai gaminami rankomis Portugalijoje.
  </p>
</section>

<p><strong>Buko medienos ir žalvario sieninis kabliukas / rankenėlė – „5mm Paper“ </strong>– tai rankų darbo aksesuaras, kuriame šilta mediena dera su šlifuotu žalvariu. Minimalistinis dizainas, pagaminta Portugalijoje. </p>
<p><em>Elegantiška forma. Funkcionali meistrystė. Kasdienis paprastumas.  </em></p>
